*2 + d - 1. Let h be b(2). What is the greatest common divisor of h and 117?
13
Let f be ((-6)/4)/((-4)/(-16)). Let l be 14/(-10) - f/(-10). Let i = l + 7. What is the highest common factor of i and 25?
5
Suppose x = 3*i + 2*i - 35, -5*i = 4*x - 10. Let v(n) = -n - 3. Let q be v(3). Let c be ((-45)/q)/(1/2). What is the greatest common factor of i and c?
3
Let k = 68 - 4. Calculate the greatest common factor of k and 4.
4
Let c = -6 + 22. Calculate the greatest common divisor of 40 and c.
8
Suppose 2*i = 40 + 4. Calculate the highest common factor of i and 88.
22
Let w(b) = b**2 - 14*b + 21. Let i be w(14). Calculate the greatest common factor of i and 3.
3
Let c(s) = -s**2 + 16*s + 16. Let v be c(10). What is the greatest common factor of 19 and v?
19
Let b be 1 - 4/(12/9). Let j be 6*b*(-1)/4. Let w(l) = -l**3 + 8*l**2 - 5*l + 2. Let t be w(j). Calculate the greatest common factor of t and 4.
4
Suppose 16*o - 924 = 12*o. What is the highest common divisor of 21 and o?
21
Let j = 486 - 342. What is the greatest common divisor of 48 and j?
48
Let i be (-3)/(-6) + 23/2. What is the greatest common factor of 3 and i?
3
Let b(m) = -m**3 + m**2 + m + 102. Let l be b(0). Suppose 4*p + 2*t = l, -5*t - 8 - 7 = 0. What is the highest common factor of p and 18?
9
Let d be 12/66 - 92/22. Let x = d + 8. Calculate the greatest common factor of 12 and x.
4
Let j(t) = 9*t - 40. Let q be j(6). What is the highest common factor of 182 and q?
14
Let r(a) = -21*a + 6. Let f(v) = v - 10. Let t be f(6). Let x be r(t). Calculate the highest common divisor of x and 10.
10
Let z(m) = -87*m**3 - m. Let k be z(-1). Let q = 1 + 5. Let n be 5 - q*3/(-6). What is the highest common divisor of n and k?
8
Suppose -3*l + 7*l = 104. Let x = l + -7. What is the highest common factor of 19 and x?
19
Let i = 4 - 0. Let g be 2/(-7) + (-114)/(-7). Calculate the greatest common factor of g and i.
4
Let s = -3 - -22. Suppose -4*r + 2*r + 299 = -5*p, 0 = 5*r - 4*p - 756. Calculate the greatest common divisor of s and r.
19
Suppose g - 4*u + 4 = -g, 4*g + 2*u - 12 = 0. Suppose k - 28 = -5*w, -g = w - 2*w + k. What is the highest common factor of w and 1?
1
Suppose 0 = 2*u + 22 - 80. Suppose -3 = -d + l, 5*d + 2*l - u = -0*l. Calculate the greatest common divisor of 55 and d.
5
Suppose 0 = 4*r + 13 + 3, -3*r + 40 = 2*b. Let o be (-1 - 2) + 68/1. What is the greatest common divisor of o and b?
13
Let q(n) = 2*n**2 - 8*n. Let l be q(-6). Suppose -4*y - 12 - l = 0. Let u be y*((-6)/9)/2. What is the highest common divisor of 1 and u?
1
Let u = 1 - 11. Let f = 35 - u. Suppose f = 2*z + 15. Calculate the greatest common divisor of z and 15.
15
Let s(p) = -1 + 0*p - p**2 + 2*p**2 - 5*p. Let w be s(4). Let b be (-70)/(-6) - w/15. What is the highest common factor of 18 and b?
6
Suppose 0*a + 31 = i - a, 5*i - 125 = -5*a. What is the highest common factor of 56 and i?
28
Suppose -4*h = h. Suppose h = -a + 5*a. Suppose 4*q + 37 - 181 = a. Calculate the greatest common factor of 4 and q.
4
Suppose 4 = 4*d + 20, -d = -4*c + 20. Suppose j + 42 = c*j. Calculate the highest common divisor of 84 and j.
14
Let z = -9 + 12. Suppose 0 = -2*h + h + z. Suppose 1 + 1 = w + 3*r, 4*r - 21 = -h*w. What is the greatest common factor of 1 and w?
1
Let a be -2 + (-6)/(-2 + 5). Let y(m) = -2*m - 4. Let d be y(a). Suppose 3*u + 232 = d*f, 3*f = 3*u + 138 + 39. What is the highest common factor of f and 11?
11
Suppose -2*c + 0*b + 212 = 5*b, 2*b + 318 = 3*c. Suppose -5*o + 266 = c. Calculate the highest common divisor of 48 and o.
16
Let q(n) = -4 + 0*n + 5 - 2*n + 2*n**2. Let u be q(1). What is the greatest common divisor of u and 11?
1
Let d(y) = y**3 - 2*y - 5. Let j be d(3). Calculate the greatest common divisor of j and 160.
16
Suppose 5*r - 26 = -4*x, -5*r - 9 - 19 = -2*x. Let i = -19 + x. Let a = 22 + i. Calculate the highest common divisor of a and 96.
12
Suppose -4*h = 3*b - 176, -h + 7 - 2 = 0. What is the highest common divisor of b and 4?
4
Suppose -3*o - 17 = 2*d - 4*d, -5*o - 15 = 0. Suppose 0 = -5*b - 2*l + 48, 0 = d*b + 2*l - 4*l - 24. Calculate the highest common divisor of 4 and b.
4
Suppose -4*q + 2 + 10 = 0. Suppose -32 = -q*a + 4. Suppose -3*o = 3, 0*r - 5*o - 95 = -5*r. Calculate the greatest common divisor of a and r.
6
Suppose 0 = -v - 6*y + y + 295, 2*y + 2 = 0. Let i = v - 110. Let b = i + -120. Calculate the highest common divisor of 14 and b.
14
Suppose 0 = -3*v + o - 1 + 7, 3*o = 0. What is the highest common factor of v and 2?
2
Suppose 0*s = 2*s + 2. Let u be 7/2 - s/2. Calculate the greatest common factor of 28 and u.
4
Suppose 74 = 5*r + 59. Calculate the greatest common factor of r and 12.
3
Suppose r + 4*y - 13 = 0, 0 = -3*r - 2*y - 0 + 39. Calculate the greatest common factor of 13 and r.
13
Let l = 7 + -4. Suppose l*w + 2*w = 135. Let t = -17 + w. Calculate the highest common divisor of t and 10.
10
Suppose q - 2 = -0*q. Suppose 0*l - 3*l + 21 = 0. Suppose l*k - 3*k - 40 = 0. What is the highest common divisor of q and k?
2
Suppose -3*s + 2*s = 5, 5*s = -3*k + 1097. Calculate the highest common factor of 34 and k.
34
Suppose -3*b = 2*b. Let c be (-5 - -2)/((-3)/6). Suppose b*j - 2*j = -c. Calculate the greatest common factor of 3 and j.
3
Let a = 2 + 7. Let f be (-2)/a - (-220)/99. Calculate the highest common divisor of 1 and f.
1
Let h be (45 - 4) + 6/2. Suppose y + 9 = 3*i - 2*y, 5*y = -2*i + 13. What is the greatest common divisor of i and h?
4
Suppose -352 = -18*k + 7*k. Suppose -16 = 2*o - 3*o. What is the highest common factor of k and o?
16
Let n be (-548)/28*-1 - (-6)/14. Calculate the highest common factor of n and 140.
20
Suppose -d = -2 - 6. Suppose 4*n + 2*a - 42 = 0, 3*a - 2 = n + a. Let s be 2 + n + (-2)/1. Calculate the highest common factor of d and s.
8
Let x(d) = -d**2 - 10*d + 10. Let a(h) = -h - 3. Let b = 3 - -3. Let c be a(b). Let n be x(c). Calculate the greatest common divisor of 76 and n.
19
Let f(d) = -d**2 + 12*d - 15. Let v be f(10). Suppose 4*g - 80 = 2*g. Calculate the highest common divisor of v and g.
5
Suppose -r = 3*l - 41, -2*r - r = 2*l - 39. Calculate the highest common factor of 8 and l.
4
Let r = 538 - 307. Calculate the highest common factor of 21 and r.
21
Suppose -2*w = -5*c + 556, -2*c + 0*w = -3*w - 229. Suppose 4*t - c - 170 = 0. What is the greatest common factor of 28 and t?
14
Let a = -6 - -8. Suppose 0 = -3*r + a*r + 20. Suppose -5*b = -3*x - 100, 2*x = -b + 5*x + r. Calculate the highest common divisor of b and 4.
4
Let w(i) = 4*i - 1. Let n be w(1). Suppose 1 = m + n. Let l be 4/2*(-9)/m. What is the highest common factor of l and 81?
9
Let h be 66 - (-3)/(-3) - 2. Let a = h - 29. Let k(f) = 16*f**2 + 1. Let w be k(1). What is the greatest common factor of a and w?
17
Let m = 36 - 14. Let p = -3 - -6. Suppose -m = -p*t + 5. What is the highest common factor of 99 and t?
9
Let j(s) = s**3 + 6*s**2 - s - 6. Let b be j(-6). Suppose 88 = -4*y - b*y. Let x = 97 + y. Calculate the highest common divisor of 30 and x.
15
Let p(o) = 3*o**3 - o**2. Suppose 0 = -d - 4*d. Let z = 3 + d. Let u be p(z). Calculate the greatest common factor of 9 and u.
9
Let l be (1 + (-42)/9)*-9. Suppose -3*x = p + 42, 2*x + 176 = -4*p + 38. Let a = 55 + p. Calculate the highest common divisor of l and a.
11
Let g = -2 + 3. Let c be (4 + -5)/(g/(-7)). Calculate the highest common factor of c and 28.
7
Suppose 3*s + 2*s = 385. Calculate the greatest common factor of s and 7.
7
Let j be 3*(-3 + (-8)/(-3)). Let c be ((-2)/(-2))/(-1) - -2. Let s be (c + -2)*14/j. What is the highest common factor of 14 and s?
14
Let m = 12 + -8. Suppose o - 5*i = 2*o - 17, 0 = 4*o + m*i - 20. Let x be 1/o*-1*-26. What is the highest common divisor of x and 39?
13
Let g(o) = 11*o + 1. Let u be g(1). Calculate the greatest common divisor of 12 and u.
12
Let g(j) = 3*j**2 - 2. Let t be g(-4). Suppose -2*y + u = -t, -4*y = u - 0*u - 80. Calculate the greatest common factor of y and 3.
3
Let y be (-2 - -5) + -1 + 3. Calculate the greatest common factor of y and 10.
5
Let m be ((-12)/14)/((-1)/21). Let l(s) = 8*s**3 - s + 0*s + 1 + 19*s**3. Let f be l(1). Calculate the greatest common factor of m and f.
9
Let x = 5 + 49. Suppose -3*f + 3*t + 6 = 0, 5*f - 14 + 0 = 4*t. Calculate 